
-5
Let s = -11 + 7. Let u = s - -12. Let l(o) = 6*o**3 - 48*o**2 + 34*o + 69. Let v(a) = a**3 - 8*a**2 + 6*a + 12. Let x(y) = -3*l(y) + 17*v(y). Calculate x(u).
-3
Let w(l) be the first derivative of 3*l**2 + l + 83307. Suppose 2*q + g = 5*q - 25, 0 = q + g - 7. What is w(q)?
49
Suppose 74*d + 640 = 17*d - 23*d. Let b(u) = 2*u**3 + 17*u**2 + 8*u + 16. Calculate b(d).
16
Let r(x) = 24*x - 702. Let v be ((-38)/5 + -4)*115/(-46). Determine r(v).
-6
Let g(c) = c**2 - 11*c - 1. Let z(p) = 9*p**2 - 21*p + 52. Let s(u) = -7*g(u) + z(u). What is s(-27)?
5
Let v(g) = -g**2 + 9*g - 18. Let y = 4471 - 4461. Give v(y).
-28
Let f = -3002 + 3020. Let n(l) = l**2 - 18*l - 25. Calculate n(f).
-25
Suppose 4*k - 19 - 5 = 0. Let n(z) = -7 - 2 + k - z. Calculate n(6).
-9
Let y(c) = -c**2 - 19*c + 55. Suppose 5*s = 5, -i + 5*s = 2*s + 24. Give y(i).
13
Let z(n) = n**2 + 23 - 14*n - 39 + 6*n + 17. Let c = 15 + -6. Calculate z(c).
10
Let k(v) = 78*v + 2265. Let x be k(-29). Let w(g) be the second derivative of g**5/20 + 2*g**3/3 + g**2/2 - 3*g. Calculate w(x).
40
Suppose -4*c + 130 = 2*a + 26, -4*a + 40 = c. Suppose c*b + 80 = 272. Let q(m) = -m**3 + 8*m**2 - 3*m - 7. What is q(b)?
-31
Let d(z) = 5*z**2 + 37*z - 20. Let s(a) = 11*a**2 + 75*a - 43. Let i(m) = -13*d(m) + 6*s(m). Calculate i(31).
2
Let i(y) = -3*y - 1. Let u be (-21)/(-147) + (152/14 - 2). Let l(j) = 12*j + 4. Let f(b) = u*i(b) + 2*l(b). What is f(-2)?
5
Let x(q) be the third derivative of -q**6/360 + q**5/120 + q**4/8 + 91*q**3/6 - 195*q**2. Let y(g) be the first derivative of x(g). Calculate y(0).
3
Let t(j) = 2*j + 9. Let o = 62 + -59. Suppose 55*p = 54*p - o. Determine t(p).
3
Suppose 3*u + 6 = 3*s, u - 4 = -2*s - 3*u. Let w be ((-15)/6)/(-1)*s. Let j(d) = -d**2 - d + 5. Give j(w).
-25
Let q(x) = 7*x + 46. Let u(o) = -15*o - 119. Let d(a) = 14*q(a) + 6*u(a). Calculate d(9).
2
Let o(i) = -i**3 + 10*i**2 - 19*i - 20. Let w be o(6). Let g(c) = -c**2 + 4*c - 3. Determine g(w).
-63
Let q(t) = 3*t**3 + 32*t**2 - 9*t + 28. Suppose 3*h - 3*r + 27 = 0, 5*r = -3*h - 8 - 35. Let a be q(h). Let c(m) = -m + 6. What is c(a)?
0
Let k = 4762 - 4758. Let w(n) = 9*n**2 - 36*n - 2. Determine w(k).
-2
Suppose -u + 7 = 0, -111*n + 108*n + 2*u = 26. Let q(v) be the first derivative of -v**4/4 - 5*v**3/3 - 3*v**2 - v - 2. Give q(n).
7
Suppose -u = -4*z + 11, 8 = -5*z + 2*z + 4*u. Suppose -5*n - 5*t + 5540 = 0, z*n + t - 3328 = n. Let k(v) = v - 2*v + 1093 - n. Calculate k(-9).
-8
Let s(n) = -4*n. Suppose y + 124 = 5*k, 3*y + 69 + 303 = -3*k. Let h = -124 - y. Suppose -5*a + 12*a + 28 = h. Calculate s(a).
16
Let o(z) be the second derivative of z**6/360 - z**5/120 - z**4/8 + z**3/6 - z**2 + 40*z. Let q(u) be the second derivative of o(u). Determine q(-2).
3
Let p(f) = 7557*f**2 + 5*f - 3775*f**2 - 3782*f**2 - f**3 - f - 5. Calculate p(1).
-2
Let m(d) = d + 1. Let x be m(-6). Let a be 2 + -1 + 2 + 8 + x. Suppose -18 = -a*r - 0. Let t(n) = -n**2 - 3. Calculate t(r).
-12
Let o be (-222)/(-24) + (-1)/4 - 21 - -8. Let x(n) = 5*n**2 + 3*n**3 + 4*n - 2*n**3 + 4 - 6*n. Calculate x(o).
28
Let s(o) be the first derivative of -10*o**2 + 10*o - 150 + 2/3*o**3. Give s(9).
-8
Suppose 73*r + 4*z = 69*r - 8, 0 = -3*r + 3*z + 18. Let h(x) = 25*x + 2 - 57*x - 2*x**r + 4*x**2 + 40*x. Calculate h(-3).
-4
Let w(o) = -80 + 39 - 17*o + 41. What is w(2)?
-34
Let p be 101/(-202)*(-1 + -13). Let l(y) = 9*y**2 + 5*y**2 + 10 - 2*y - p*y - 15*y**2 + 0*y. What is l(-10)?
0
Let i be (-13)/5 - 2/5. Let j(w) = -2 + 231*w + 232*w - 2*w**2 + 253*w - 720*w. What is j(i)?
-8
Suppose -5*b = 5*p - 50, -4*b + 3*p + 21 = -19. Let m(k) = b*k**2 + 18*k**2 - k**3 - 7*k - 4 - 19*k**2. Suppose 0 = -2*t - 2*t + 32. Give m(t).
4
Let t = 29 + -12. Let x(w) = 42*w - 1. Let j(r) = -422*r + 45. Let h(g) = j(g) + 10*x(g). Determine h(t).
1
Let i(b) = 37*b + 42. Let t(m) = -313*m - 337. Let g(x) = 17*i(x) + 2*t(x). Give g(11).
73
Let f = 722 + -714. Suppose 0*o + o - 11 = 0. Let v(j) = 7*j**2 - 2*j + 5. Let y(b) = -13*b**2 + 5*b - 10. Let l(h) = o*v(h) + 6*y(h). Give l(f).
-5
Let q(i) = i**3 + 48*i**2 + 47*i + 5. Let x be q(-47). Suppose 23*l = x*l + 234. Let n(m) = 2*m - 18. What is n(l)?
8
Suppose 4*q - 6 = 3*q. Let f(v) be the third derivative of v**6/120 - v**5/12 - v**4/8 - v**3/6 + 2*v**2 + 54. What is f(q)?
17
Let l(r) = -10 - 57*r**3 - 103*r**3 - 13*r - 14*r**2 + 161*r**3. What is l(15)?
20
Let r(j) be the first derivative of 2*j**3/3 - 17*j**2/2 + 13*j + 474. What is r(9)?
22
Let b(u) = 2*u**2 + 13*u + 9. Let s = -1179 + 1174. Give b(s).
-6
Let r(k) = -11*k + 15*k - 3 + 5*k + 6. Calculate r(5).
48
Let n(h) be the third derivative of -h**9/60480 + h**8/6720 + h**7/1008 + h**6/180 - h**5/10 - 22*h**2. Let z(x) be the third derivative of n(x). Give z(5).
-21
Let d(t) = 3*t. Let i(c) = 5*c - 5. Let g(z) = -11*z + 10. Let s(n) = -3*g(n) - 7*i(n). Let u(o) = -2*d(o) - s(o). Give u(-4).
11
Let c = -4 + -1. Let a(n) = 4*n + 27. Let k be a(-6). Let f(s) = 5*s**2 + 12*s - 1. Let o(j) = 4*j**2 + 11*j - 1. Let r(g) = k*f(g) - 4*o(g). What is r(c)?
16
Let q(o) = -37*o**2 - 3*o - 8. Let t be (72/(-84) - -1) + (-44)/14. Let z(f) = -18*f**2 - 2*f - 5. Let b(w) = t*q(w) + 5*z(w). Give b(-1).
21
Let x be (4/(-10))/((-2)/20). Let p(y) = -133*y**3 - 55*y**2 - 11*y + 23. Let h(w) = 83*w**3 + 35*w**2 + 7*w - 15. Let j(v) = -8*h(v) - 5*p(v). What is j(x)?
-15
Let a(p) be the third derivative of 0*p - 36*p**2 + 1/60*p**5 - 1/2*p**3 + 1/3*p**4 + 0. Suppose -24 = -0*o + 4*o. Determine a(o).
-15
Let w(p) = -p**2 - 2*p + 7. Suppose -1239*z + 1243*z = -20. What is w(z)?
-8
Let m be (12/42 + 1/21)/(1/93). Let h(r) = 3*r - 91. Calculate h(m).
2
Let o(m) = 27*m - 185. Let b be o(7). Let n be (-6 + 6)/(-8 + 5 + b). Let p(r) = -1 - 22 - 5*r**2 + 4*r**2. Give p(n).
-23
Let k(y) = -y**3 + 7*y**2 - 5*y. Suppose s + 90*d - 94*d = 30, 4*d + 54 = 5*s. What is k(s)?
6
Let g(f) = 2*f**2 + 15*f - 28. Suppose -11*b + 10*i = 13*i + 167, -3*i - 50 = 2*b. What is g(b)?
115
Let o(g) = 2*g**3 - 19*g**2 - 16*g + 57. Let v = -16263 + 16273. Determine o(v).
-3
Let c(v) = -5*v - 2 + 0*v + 5*v + v. Suppose -4*j + j = t - 11, 3*t - 2*j = 0. Let n(g) = g**2 + g + 1. Let d be n(t). Give c(d).
5
Let g be (2 - -4)/((-57)/38). Let v(f) = f**2 - 14. Give v(g).
2
Suppose -8 = -t + 3*t + 2*s, 3*s - 8 = 2*t. Let j = 2 - t. Let f(q) be the second derivative of -q**4/12 + q**3 + 2*q**2 - 29*q + 6. Give f(j).
4
Let u(l) = 0 + 4 - 3*l - 1 + l**2. Let t = 196 - 183. Suppose -r = -t + 11. Determine u(r).
1
Let u(f) = -f**2 + 9*f - 3. Let b be ((-9)/(-5))/((-24)/(-40)). Suppose l = 5*y + 13 + 15, 4 = 2*l + b*y. Calculate u(l).
5
Let c(w) = -61340*w**3 + 14*w**2 - 11*w - 12*w - 3 - 10 + 61339*w**3. Calculate c(12).
-1
Let o(t) = -t**3 + 3*t**2 + 3*t + 1. Let s be (-17)/((-51)/(-6))*22/(-4). Suppose -5 = -4*b + 3*x + s, 0 = b - 2*x - 4. Calculate o(b).
-3
Let s(v) = -4*v - 34. Let p(k) = 4*k + 30. Let i(q) = -4*p(q) - 3*s(q). What is i(-6)?
6
Let n(q) = q**3 - q**2 - q. Let g(c) = -2*c**3 + c**2 + c. Suppose 6*d - 119 = -149. Let p(m) = d*n(m) - 2*g(m). Calculate p(4).
-4
Let x = -1309 - -1325. Let i(w) = -w - 13. Determine i(x).
-29
Let k(j) = -1700 - 62*j - 1699 + 3402 + 64*j - 4*j**2 - j**3. Give k(-5).
18
Let a(u) = 9*u**2 - 6*u + 3. Let q = 6682 - 6681. What is a(q)?
6
Let g = -24 + -39. Let k = g + 65. Let w(f) = 3*f**k + 39 - 39 + f. Give w(-1).
2
Let m(j) be the third derivative of -1/6*j**4 - 1/120*j**6 + 0 + 1/3*j**3 + 0*j + 1/12*j**5 + 67*j**2. Give m(4).
2
Let s be 1/(-4)*-57 - (-12)/(-48). Let g(m) = 13*m + 12. Let y(t) = -46*t - 36. Let l(v) = 7*g(v) + 2*y(v). Determine l(s).
-2
Let j(r) = -2*r - 14 - r**2 + 3*r - 3. Let o be (0/(-88))/((-12)/6). Calculate j(o).
-17
Let v(r) = r**3 + 17*r**2 - 4*r - 54. Suppose -2*l - 3*o = 40, -16*l + 2*o = -17*l - 21. Let d be v(l). Let c(b) = -b**2 + 14*b + 2. Calculate c(d).
2
Let f(c) = -3*c**2 - 2 + 5*c**2 - 7*c - 3*c**2. Let b = -283 - -281. Let s be (-4 - b) + 0 + -3. Determine f(s).
8
Let w(l) be the second derivative of -l**5/20 - 7*l**4/12 - 7*l**3/6 - 11*l**2/2 + 151*l - 12. Determine w(-6).
-5
Let d be (3 - -154)*(0 + 1). Suppose 153*u - d*u - 24 = 0. Let t(w) = -w**3 - 7*w**2 - 4*w - 2. Give t(u).
-14
Let g(u) = u**2 - u - 66. Let w(x) = 5*x**2 - 14*x - 401. Let m(d) = 6